at is 22142 + 13?
22155
In base 6, what is 1210040 + 1?
1210041
In base 16, what is -1115 - 9a?
-11af
In base 11, what is -652 - -31?
-621
In base 3, what is 10022 - -11011012?
11021111
In base 6, what is 101 - -20330?
20431
In base 11, what is -4 - -1381a?
13816
In base 3, what is 1020102101 + 101?
1020102202
In base 9, what is 244631 + -5?
244625
In base 5, what is 4141 + 112323?
122014
In base 13, what is 32 - -470?
4a2
In base 8, what is -50 - 207?
-257
In base 6, what is -143252 - 55?
-143351
In base 6, what is -4 - -12054535?
12054531
In base 14, what is -2 - -3d05?
3d03
In base 15, what is 47722 + 12?
47734
In base 4, what is 122232 - -133?
123031
In base 10, what is -2070 + 59?
-2011
In base 4, what is -23203003 - -3?
-23203000
In base 11, what is -2 - -38039?
38037
In base 16, what is -27 + 1f89?
1f62
In base 8, what is -2064 + -164?
-2250
In base 9, what is -462103 + 1?
-462102
In base 6, what is 4 - 125221?
-125213
In base 16, what is 3 + 17e0?
17e3
In base 10, what is 1469 - -60?
1529
In base 7, what is 2360 + 634?
3324
In base 8, what is 13 - -345?
360
In base 14, what is bb0 + 6?
bb6
In base 2, what is -1010010111010010111011 + 0?
-1010010111010010111011
In base 16, what is -1a31 - -1a6?
-188b
In base 16, what is -4300d + -28?
-43035
In base 9, what is -5 - 87017?
-87023
In base 2, what is -1000110100101101101 + -11?
-1000110100101110000
In base 4, what is -30101 + -1133?
-31300
In base 13, what is -10 - 26c2?
-2702
In base 4, what is -300 - 21300?
-22200
In base 14, what is 11d9 + -c?
11cb
In base 14, what is -55 - -11a?
a5
In base 6, what is -20223105 - 1?
-20223110
In base 8, what is -5 - -32527?
32522
In base 8, what is -1240 + 327?
-711
In base 2, what is -11111000 - 1001101100?
-1101100100
In base 3, what is -100010 + -100021021?
-100121101
In base 6, what is -3 - 140542?
-140545
In base 15, what is 3 + 19a7a?
19a7d
In base 2, what is -1001011111110 + 100001?
-1001011011101
In base 15, what is -4 - 20932?
-20936
In base 11, what is 5 + 97370?
97375
In base 3, what is 11121201 - -1?
11121202
In base 8, what is -2 + 6311?
6307
In base 13, what is 2 + 27249?
2724b
In base 16, what is 502 + -53d?
-3b
In base 4, what is 1023 + 31012?
32101
In base 9, what is 2 + -32085?
-32083
In base 11, what is -3 - 16067?
-1606a
In base 2, what is -1110010010001 + 111?
-1110010001010
In base 11, what is -96a + 6?
-964
In base 4, what is 13103200032 - 10?
13103200022
In base 14, what is -10596 - -2?
-10594
In base 7, what is -2122204 + 12?
-2122162
In base 15, what is c - 625?
-618
In base 10, what is 134 + -7?
127
In base 7, what is -2 - 104462?
-104464
In base 2, what is -1000000 - 101001100110?
-101010100110
In base 4, what is -20111232 + 0?
-20111232
In base 3, what is 20111020000 - 120?
20111012110
In base 10, what is 936 + 16?
952
In base 5, what is -13 - -11441120?
11441102
In base 2, what is -1000001010110101000 - -100?
-1000001010110100100
In base 2, what is -10111100000 - -11010000?
-10100010000
In base 14, what is -2a183 - 4?
-2a187
In base 11, what is 3 - 462a?
-4627
In base 2, what is 110011111100100011 + -10?
110011111100100001
In base 12, what is -11 - 9199?
-91aa
In base 10, what is -336 + 4554?
4218
In base 2, what is -101101010101101110000 + 10?
-101101010101101101110
In base 8, what is 2 + 2666?
2670
In base 13, what is -30 - 9461?
-9491
In base 3, what is -20 + 212221101?
212221011
In base 7, what is -10145 - 0?
-10145
In base 3, what is 11 - -111012102?
111012120
In base 12, what is 19 + -192?
-175
In base 3, what is 222 - -102122111?
102200110
In base 5, what is -2 + 23222120?
23222113
In base 13, what is 5ca74 + -5?
5ca6c
In base 11, what is -a9987 - 5?
-a9991
In base 14, what is -1649 + 6?
-1643
In base 11, what is -40203 - 7?
-4020a
In base 2, what is -111 - -1001010101?
1001001110
In base 10, what is 171 + -10182?
-10011
In base 12, what is 5082 - 25?
5059
In base 16, what is -295b0 + -4?
-295b4
In base 5, what is 102 - -410443?
411100
In base 9, what is -6315 + -34?
-6350
In base 13, what is 99689 - -2?
9968b
In base 4, what is -130 - -110130?
110000
In base 5, what is 20234 + -1344?
13340
In base 16, what is -91d9 + 0?
-91d9
In base 14, what is -c6 + -110?
-1d6
In base 3, what is 11 - 10110222200?
-10110222112
In base 6, what is -2334130 + 13?
-2334113
In base 5, what is -1143230333 + 4?
-1143230324
In base 3, what is -1221 - 122002101?
-122011022
In base 8, what is 2173 + -15?
2156
In base 2, what is -101 + 10011011101000011?
10011011100111110
In base 6, what is 20 - 3013?
-2553
In base 16, what is -75 - 6593?
-6608
In base 12, what is -9a4 - -188?
-818
In base 13, what is 751 - 96?
688
In base 15, what is db95 + 0?
db95
In base 9, what is -4 + -27830?
-27834
In base 13, what is 3b73 + -1b0?
3993
In base 9, what is 4010 + 7?
4017
In base 3, what is -1112101010102 + -1?
-1112101010110
In base 12, what is 12a + -372?
-244
In base 14, what is 4 - -1b185?
1b189
In base 6, what is 31 + 200324?
200355
In base 6, what is 53143511 - -4?
53143515
In base 4, what is 30231 - 3302?
20323
In base 7, what is -10014 + 3?
-10011
In base 6, what is -5051 + 44?
-5003
In base 2, what is -10 + -1110010001111?
-1110010010001
In base 8, what is -3 - 3353?
-3356
In base 7, what is 22145 - -13?
22161
In base 5, what is 33 - 1431434?
-1431401
In base 5, what is 423223 + -20?
423203
In base 9, what is -5 - 118100?
-118105
In base 15, what is 2 + 391b1?
391b3
In base 12, what is 46804 - -8?
46810
In base 8, what is 20 + 35162?
35202
In base 2, what is -101 + 11001010011101?
11001010011000
In base 5, what is -3114 + 3134?
20
In base 11, what is 589448 + -1?
589447
In base 8, what is 24757 - -402?
25361
In base 4, what is -10101233 + -11?
-10101310
In base 13, what is -2c723 + 11?
-2c712
In base 11, what is 4576 - 3a?
4537
In base 10, what is -5473846 + -5?
-5473851
In base 6, what is -13121 - -20?
-13101
In base 2, what is 1101011 + 1100100100010?
1100110001101
In base 2, what is -1001 - -111100000101010?
111100000100001
In base 13, what is -c - 154?
-163
In base 8, what is -4414 - 103?
-4517
In base 12, what is -8 - 3a115?
-3a121
In base 16, what is 26 + 7bf?
7e5
In base 12, what is 2a8b4 + 2?
2a8b6
In base 14, what is 4 - abd56?
-abd52
In base 6, what is -20 + -12123?
-12143
In base 16, what is -c9 + -d60?
-e29
In base 16, what is f + -1af?
-1a0
In base 11, what is 125a0 + -3?
12598
In base 7, what is 1545 - -54?
1632
In base 15, what is -c + 1d87?
1d7a
In base 13, what is -3c3 + 37?
-389
In base 14, what is 64 - -a68?
acc
In base 5, what is 12 + 1412424?
1412441
In base 8, what is 104 + 321?
425
In base 9, what is 34778 + -6?
34772
In base 5, what is 4 + 3120221?
3120230
In base 7, what is 142 - -560?
1032
In base 15, what is -16 - 1b03b?
-1b052
In base 2, what is 101100001011 - 10100111?
101001100100
In base 10, what is -4 + 123995?
123991
In base 10, what is 25 - 64508?
-64483
In base 16, what is -50cc - 39?
-5105
In base 9, what is -5 - 35315?
-35321
In base 14, what is -3 - 6a6a?
-6a6d
In base 9, what is 2 - -127386?
127388
In base 6, what is 1340544 - 33?
1340511
In base 12, what is -2 - -896a?
8968
In base 6, what is 1 - -500525?
500530
In base 11, what is 12 + -3877?
-3865
In base 8, what is -6 + 112400?
112372
In base 16, what is -155 + 2d?
-128
In base 6, what is -122 + 2344?
2222
In base 13, what is -36707 - 3?
-3670a
In base 3, what is -20 - -110212102?
110212012
In base 7, what is -4 + -413546?
-413553
In base 15, what is 35 - -3d?
73
In base 2, what is 111110110001 + 0?
111110110001
In base 6, what is -103055 + 1?
-103054
In base 15, what is -5a21c5 - -3?
-5a21c2
In base 9, what is 12 - 2171?
-2158
In base 6, what is -1055 + 141333?
140234
In base 10, what is 61349 - -2?
61351
In base 7, what is 4 + -156512?
-156505
In base 2, what is -101101111111101 - 100000?
-101110000011101
In base 11, what is 5 + -16519?
-16514
In base 2, what is -100011111000011011100 - 101?
-100011111000011100001
In base 11, what is 12149 - 4?
12145
In base 2, what is 101101000010000 + -1?
101101000001111
In base 10, what is -95573 + -7?
-95580
In base 9, what is -201852 - 2?
-201854
In base 11, what is 6 + 2330?
2336
In base 5, what is 10 - 230132?
-230122
In base 2, what is -1001001100001 - 1001111011?
-1010011011100
In base 14, what is 2a7 - 43?